 of 36949222.
2, 59, 313129
List the prime factors of 116940067.
116940067
What are the prime factors of 2329617621?
3, 101, 139, 55313
List the prime factors of 200064361.
7, 28580623
What are the prime factors of 213787076?
2, 53446769
List the prime factors of 24962662.
2, 269, 46399
What are the prime factors of 330261717?
3, 110087239
List the prime factors of 86363436.
2, 3, 19, 23, 43, 383
What are the prime factors of 3104524187?
4549, 682463
List the prime factors of 1992975098.
2, 8237, 120977
List the prime factors of 361032633.
3, 13, 23, 4969
List the prime factors of 2334707482.
2, 7001, 166741
List the prime factors of 4726669.
4726669
What are the prime factors of 91953996?
2, 3, 19, 47, 8581
List the prime factors of 348624222.
2, 3, 1291, 45007
What are the prime factors of 268413781?
12781, 21001
List the prime factors of 64795839.
3, 53, 407521
What are the prime factors of 45019483?
45019483
What are the prime factors of 234859636?
2, 11, 43, 124133
List the prime factors of 1033640972.
2, 7, 13, 107, 26539
List the prime factors of 5443479214.
2, 19, 163, 878831
List the prime factors of 4310871831.
3, 7, 2861, 23917
What are the prime factors of 1601972076?
2, 3, 133497673
What are the prime factors of 156061185?
3, 5, 7, 1486297
What are the prime factors of 307776528?
2, 3, 137, 15601
List the prime factors of 183603989.
103, 1782563
List the prime factors of 457529164.
2, 5431, 21061
What are the prime factors of 1130421635?
5, 7, 233, 138617
List the prime factors of 493686207.
3, 7, 41, 131, 1459
What are the prime factors of 20129793?
3, 109, 61559
What are the prime factors of 170257520?
2, 5, 389, 5471
List the prime factors of 439017843.
3, 11, 17, 163, 4801
What are the prime factors of 5083518581?
23, 221022547
List the prime factors of 99679762.
2, 7, 13, 43, 47, 271
What are the prime factors of 758165120?
2, 5, 131, 9043
List the prime factors of 2750003061.
3, 13, 83, 653, 1301
What are the prime factors of 1443037856?
2, 13, 179, 19379
List the prime factors of 405173099.
405173099
What are the prime factors of 826755971?
103, 317, 25321
What are the prime factors of 196052359?
196052359
What are the prime factors of 154327541?
109, 283, 5003
What are the prime factors of 116440334?
2, 3583, 16249
List the prime factors of 71337731.
43, 61, 27197
List the prime factors of 248884664.
2, 7, 4444369
List the prime factors of 121166990.
2, 5, 7, 17, 19, 23, 233
What are the prime factors of 171766476?
2, 3, 7, 681613
List the prime factors of 57590195.
5, 13, 59, 15017
What are the prime factors of 30575155?
5, 13, 173, 2719
List the prime factors of 5850230912.
2, 263, 173783
What are the prime factors of 149007418?
2, 7, 239, 44533
What are the prime factors of 16977216?
2, 3, 88423
List the prime factors of 77847424.
2, 409, 1487
List the prime factors of 74301379.
967, 76837
What are the prime factors of 60822101?
2731, 22271
List the prime factors of 1577589011.
1577589011
What are the prime factors of 17292057?
3, 5764019
List the prime factors of 63810847.
63810847
What are the prime factors of 19685234?
2, 9842617
What are the prime factors of 119392862?
2, 23, 103, 113, 223
List the prime factors of 91827952.
2, 31, 185137
List the prime factors of 16110562.
2, 13, 107, 5791
What are the prime factors of 14604460?
2, 5, 13, 56171
What are the prime factors of 467027130?
2, 3, 5, 199, 78229
What are the prime factors of 974559233?
163, 5978891
What are the prime factors of 303059837?
6277, 48281
What are the prime factors of 155077953?
3, 907, 56993
What are the prime factors of 1610301101?
59, 107, 255077
List the prime factors of 37373065.
5, 157, 47609
What are the prime factors of 161778516?
2, 3, 1481, 9103
List the prime factors of 35812885.
5, 41, 97, 1801
What are the prime factors of 185320312?
2, 23165039
List the prime factors of 582276262.
2, 157, 1854383
What are the prime factors of 82371059?
82371059
What are the prime factors of 425085654?
2, 3, 7, 29, 67, 5209
List the prime factors of 205578337.
4451, 46187
List the prime factors of 235701278.
2, 117850639
What are the prime factors of 93743809?
93743809
What are the prime factors of 134989924?
2, 33747481
What are the prime factors of 3525625712?
2, 7, 19, 59, 28081
What are the prime factors of 122235559?
17, 103, 69809
What are the prime factors of 389159026?
2, 19, 10241027
What are the prime factors of 194991642?
2, 3, 19, 233, 2447
What are the prime factors of 13845292?
2, 61, 179, 317
What are the prime factors of 2982966795?
3, 5, 17, 61, 97, 659
What are the prime factors of 67254711?
3, 22418237
What are the prime factors of 12985139?
12985139
List the prime factors of 229889508.
2, 3, 23, 832933
List the prime factors of 35398641.
3, 17, 694091
What are the prime factors of 4428496410?
2, 3, 5, 13, 11355119
What are the prime factors of 2227353986?
2, 11, 13, 7787951
List the prime factors of 1432790008.
2, 13, 29, 271, 1753
List the prime factors of 4614907011.
3, 11, 13, 10757359
What are the prime factors of 263566498?
2, 13, 131, 77383
What are the prime factors of 24474488?
2, 907, 3373
List the prime factors of 170857877.
43, 3973439
List the prime factors of 387009724.
2, 96752431
List the prime factors of 83267912.
2, 7, 13, 23, 4973
List the prime factors of 284381800.
2, 5, 1421909
List the prime factors of 237481021.
379, 626599
List the prime factors of 7583151564.
2, 3, 311, 677309
List the prime factors of 6036379.
29, 163, 1277
What are the prime factors of 26765974?
2, 23, 581869
List the prime factors of 1861300911.
3, 620433637
List the prime factors of 350499504.
2, 3, 1973, 3701
What are the prime factors of 36511701?
3, 1789, 6803
What are the prime factors of 716619510?
2, 3, 5, 23, 43, 83, 97
List the prime factors of 142331832.
2, 3, 1976831
What are the prime factors of 42101636?
2, 2683, 3923
List the prime factors of 14604759.
3, 13, 41609
What are the prime factors of 504807667?
7, 13, 109, 50893
List the prime factors of 34813447.
34813447
What are the prime factors of 41090111?
4703, 8737
What are the prime factors of 186988037?
43, 4348559
List the prime factors of 1566337349.
2341, 669089
What are the prime factors of 656729300?
2, 5, 19, 345647
What are the prime factors of 1592597194?
2, 41, 83, 211, 1109
What are the prime factors of 4446200814?
2, 3, 11, 67366679
What are the prime factors of 974589330?
2, 3, 5, 11, 13, 227177
List the prime factors of 4308863961.
3, 1436287987
List the prime factors of 428567976.
2, 3, 59, 33629
List the prime factors of 122597112.
2, 3, 11, 464383
List the prime factors of 87078011.
87078011
List the prime factors of 1078382878.
2, 539191439
What are the prime factors of 81134523?
3, 17, 149, 3559
What are the prime factors of 48792846?
2, 3, 223, 36467
What are the prime factors of 35425799?
4657, 7607
What are the prime factors of 13142322?
2, 3, 101, 7229
List the prime factors of 364738163.
23, 487, 32563
What are the prime factors of 1031688447?
3, 17929, 19181
What are the prime factors of 410254316?
2, 151, 679229
What are the prime factors of 2845852950?
2, 3, 5, 18972353
What are the prime factors of 206462872?
2, 7, 11, 47881
What are the prime factors of 151849125?
3, 5, 43, 73
List the prime factors of 83102775.
3, 5, 7, 22613
What are the prime factors of 360375202?
2, 11, 911, 17981
What are the prime factors of 824516622?
2, 3, 59, 13159
List the prime factors of 2127972012.
2, 3, 177331001
What are the prime factors of 432996154?
2, 17, 43, 353, 839
What are the prime factors of 333899509?
333899509
What are the prime factors of 48069451?
509, 94439
What are the prime factors of 14416721?
11, 1310611
What are the prime factors of 48006165?
3, 5, 29, 110359
List the prime factors of 2151568517.
7, 59, 331, 15739
List the prime factors of 1202457225.
3, 5, 41, 383, 1021
What are the prime factors of 53366473?
53366473
What are the prime factors of 4080938843?
4080938843
List the prime factors of 377154842.
2, 10939, 17239
List the prime factors of 213957107.
7, 13, 661, 3557
What are the prime factors of 114852550?
2, 5, 2297051
What are the prime factors of 1740301358?
2, 859, 1012981
What are the prime factors of 105651757?
101, 1